{"id":871,"date":"2022-02-03T16:39:47","date_gmt":"2022-02-03T15:39:47","guid":{"rendered":"http:\/\/osyzigu.cluster030.hosting.ovh.net\/?page_id=871"},"modified":"2026-03-29T18:23:04","modified_gmt":"2026-03-29T16:23:04","slug":"oreille-asso-equipe","status":"publish","type":"page","link":"http:\/\/loreilleduperche.fr\/?page_id=871","title":{"rendered":"OREILLE &#8211; ASSO &#8211; EQUIPE"},"content":{"rendered":"\t\t<div data-elementor-type=\"wp-page\" data-elementor-id=\"871\" class=\"elementor elementor-871\" data-elementor-post-type=\"page\">\n\t\t\t\t\t\t<section class=\"elementor-section elementor-top-section elementor-element elementor-element-b346383 elementor-section-boxed elementor-section-height-default elementor-section-height-default\" data-id=\"b346383\" data-element_type=\"section\" data-e-type=\"section\">\n\t\t\t\t\t\t<div class=\"elementor-container elementor-column-gap-default\">\n\t\t\t\t\t<div class=\"elementor-column elementor-col-100 elementor-top-column elementor-element elementor-element-985e0ea\" data-id=\"985e0ea\" data-element_type=\"column\" data-e-type=\"column\">\n\t\t\t<div class=\"elementor-widget-wrap elementor-element-populated\">\n\t\t\t\t\t\t<div class=\"elementor-element elementor-element-064e158 elementor-widget elementor-widget-image\" data-id=\"064e158\" data-element_type=\"widget\" data-e-type=\"widget\" data-widget_type=\"image.default\">\n\t\t\t\t<div class=\"elementor-widget-container\">\n\t\t\t\t\t\t\t\t\t\t\t\t\t\t\t<img fetchpriority=\"high\" decoding=\"async\" width=\"2560\" height=\"1707\" src=\"http:\/\/loreilleduperche.fr\/wp-content\/uploads\/2024\/10\/OreilleDuPerche2024_001-scaled.jpg\" class=\"attachment-full size-full wp-image-3551\" alt=\"\" srcset=\"http:\/\/loreilleduperche.fr\/wp-content\/uploads\/2024\/10\/OreilleDuPerche2024_001-scaled.jpg 2560w, http:\/\/loreilleduperche.fr\/wp-content\/uploads\/2024\/10\/OreilleDuPerche2024_001-300x200.jpg 300w, http:\/\/loreilleduperche.fr\/wp-content\/uploads\/2024\/10\/OreilleDuPerche2024_001-1024x683.jpg 1024w, http:\/\/loreilleduperche.fr\/wp-content\/uploads\/2024\/10\/OreilleDuPerche2024_001-768x512.jpg 768w, http:\/\/loreilleduperche.fr\/wp-content\/uploads\/2024\/10\/OreilleDuPerche2024_001-1536x1024.jpg 1536w, http:\/\/loreilleduperche.fr\/wp-content\/uploads\/2024\/10\/OreilleDuPerche2024_001-2048x1365.jpg 2048w\" sizes=\"(max-width: 2560px) 100vw, 2560px\" \/>\t\t\t\t\t\t\t\t\t\t\t\t\t\t\t<\/div>\n\t\t\t\t<\/div>\n\t\t\t\t\t<\/div>\n\t\t<\/div>\n\t\t\t\t\t<\/div>\n\t\t<\/section>\n\t\t\t\t<section class=\"elementor-section elementor-top-section elementor-element elementor-element-67b04ce elementor-section-boxed elementor-section-height-default elementor-section-height-default\" data-id=\"67b04ce\" data-element_type=\"section\" data-e-type=\"section\">\n\t\t\t\t\t\t<div class=\"elementor-container elementor-column-gap-default\">\n\t\t\t\t\t<div class=\"elementor-column elementor-col-100 elementor-top-column elementor-element elementor-element-8daec69\" data-id=\"8daec69\" data-element_type=\"column\" data-e-type=\"column\">\n\t\t\t<div class=\"elementor-widget-wrap elementor-element-populated\">\n\t\t\t\t\t\t<div class=\"elementor-element elementor-element-eb22f75 elementor-widget elementor-widget-heading\" data-id=\"eb22f75\" data-element_type=\"widget\" data-e-type=\"widget\" data-widget_type=\"heading.default\">\n\t\t\t\t<div class=\"elementor-widget-container\">\n\t\t\t\t\t<h2 class=\"elementor-heading-title elementor-size-default\">L'\u00e9quipe<\/h2>\t\t\t\t<\/div>\n\t\t\t\t<\/div>\n\t\t\t\t<div class=\"elementor-element elementor-element-5783255 elementor-widget elementor-widget-text-editor\" data-id=\"5783255\" data-element_type=\"widget\" data-e-type=\"widget\" data-widget_type=\"text-editor.default\">\n\t\t\t\t<div class=\"elementor-widget-container\">\n\t\t\t\t\t\t\t\t\t<p><strong>Direction, direction artistique :<\/strong> B\u00e9n\u00e9dicte Affholder\u2028, Claude Tchamitchian<br \/><strong>Production, administration<\/strong> : Fran\u00e7oise Bastianelli, B\u00e9n\u00e9dicte Affholder\u2028\u2028<br \/><strong>R\u00e9gie g\u00e9n\u00e9rale et lumi\u00e8res :<\/strong> St\u00e9phane Cronenberger\u2028<br \/><strong>R\u00e9gie :<\/strong> Dominique Legrix<br \/><strong>Ing\u00e9nieur du son :<\/strong> Matteo Fontaine<br \/><strong>Technique (buvette) :<\/strong> Olivier Clarenc, Hyacinthe Fran\u00e7ois, Arnaud Bourdin<br \/><strong>\u2028Billetterie et accueil public :<\/strong> Rosa Ferreira, Fran\u00e7oise Bastianelli, Ninon Bourdin<br \/><strong>\u2028Buvette :<\/strong> Catherine Clarenc, Jacqueline Barraud, Micheline Penchenat, Maxime Dallaporta, Elodie Domien-Rivi\u00e8re<br \/><strong>\u2028Repas :<\/strong> Marie et Lionel \u00a0Body\u2028<br \/><strong>Captation concerts :<\/strong> Jean-Baptiste Clarenc<br \/><strong>Visuel festival :<\/strong> Christian Kirk-Jensen \/ Danish Pastry Design<br \/><strong>\u2028Logo :<\/strong> Jean-Pierre Mavit\u2028<br \/><strong>\u2028Site internet :<\/strong> Jean Delestrade \/ Jazzus<\/p>\t\t\t\t\t\t\t\t<\/div>\n\t\t\t\t<\/div>\n\t\t\t\t<div class=\"elementor-element elementor-element-b72bccc elementor-widget-divider--view-line elementor-widget elementor-widget-divider\" data-id=\"b72bccc\" data-element_type=\"widget\" data-e-type=\"widget\" data-widget_type=\"divider.default\">\n\t\t\t\t<div class=\"elementor-widget-container\">\n\t\t\t\t\t\t\t<div class=\"elementor-divider\">\n\t\t\t<span class=\"elementor-divider-separator\">\n\t\t\t\t\t\t<\/span>\n\t\t<\/div>\n\t\t\t\t\t\t<\/div>\n\t\t\t\t<\/div>\n\t\t\t\t\t<\/div>\n\t\t<\/div>\n\t\t\t\t\t<\/div>\n\t\t<\/section>\n\t\t\t\t<\/div>\n\t\t","protected":false},"excerpt":{"rendered":"<p>L&rsquo;\u00e9quipe Direction, direction artistique : B\u00e9n\u00e9dicte Affholder\u2028, Claude TchamitchianProduction, administration : Fran\u00e7oise Bastianelli, B\u00e9n\u00e9dicte Affholder\u2028\u2028R\u00e9gie g\u00e9n\u00e9rale et lumi\u00e8res : St\u00e9phane Cronenberger\u2028R\u00e9gie : Dominique LegrixIng\u00e9nieur du son : Matteo FontaineTechnique (buvette) : Olivier Clarenc, Hyacinthe Fran\u00e7ois, Arnaud Bourdin\u2028Billetterie et accueil public : Rosa Ferreira, Fran\u00e7oise Bastianelli, Ninon Bourdin\u2028Buvette : Catherine Clarenc, Jacqueline Barraud, Micheline Penchenat, Maxime [&hellip;]<\/p>\n","protected":false},"author":1,"featured_media":0,"parent":0,"menu_order":0,"comment_status":"closed","ping_status":"closed","template":"","meta":{"footnotes":""},"class_list":["post-871","page","type-page","status-publish","hentry"],"_links":{"self":[{"href":"http:\/\/loreilleduperche.fr\/index.php?rest_route=\/wp\/v2\/pages\/871","targetHints":{"allow":["GET"]}}],"collection":[{"href":"http:\/\/loreilleduperche.fr\/index.php?rest_route=\/wp\/v2\/pages"}],"about":[{"href":"http:\/\/loreilleduperche.fr\/index.php?rest_route=\/wp\/v2\/types\/page"}],"author":[{"embeddable":true,"href":"http:\/\/loreilleduperche.fr\/index.php?rest_route=\/wp\/v2\/users\/1"}],"replies":[{"embeddable":true,"href":"http:\/\/loreilleduperche.fr\/index.php?rest_route=%2Fwp%2Fv2%2Fcomments&post=871"}],"version-history":[{"count":78,"href":"http:\/\/loreilleduperche.fr\/index.php?rest_route=\/wp\/v2\/pages\/871\/revisions"}],"predecessor-version":[{"id":4023,"href":"http:\/\/loreilleduperche.fr\/index.php?rest_route=\/wp\/v2\/pages\/871\/revisions\/4023"}],"wp:attachment":[{"href":"http:\/\/loreilleduperche.fr\/index.php?rest_route=%2Fwp%2Fv2%2Fmedia&parent=871"}],"curies":[{"name":"wp","href":"https:\/\/api.w.org\/{rel}","templated":true}]}}